ime number?
False
Is 314729 composite?
True
Is 359621 prime?
True
Is 10158697 a composite number?
False
Is 52162603 composite?
False
Is 5595277 composite?
False
Is 106040171 composite?
True
Is 70521911 a prime number?
True
Is 1320731 composite?
False
Is 161929561 prime?
True
Is 7451393 a composite number?
True
Is 1219333 prime?
False
Is 2796107 prime?
False
Is 44758559 composite?
False
Is 17551721 a composite number?
True
Is 1178042 composite?
True
Is 1616099 prime?
True
Is 4262803 composite?
False
Is 68677779 a prime number?
False
Is 1401943987 composite?
False
Is 24038579 a composite number?
True
Is 2619385 a composite number?
True
Is 41749489 composite?
True
Is 11360419 a composite number?
True
Is 3064207 a prime number?
True
Is 19043797 prime?
False
Is 181840343 prime?
False
Is 49016993 a composite number?
False
Is 341705297 composite?
False
Is 434041 composite?
True
Is 49501 a composite number?
True
Is 60529549 prime?
False
Is 204817121 composite?
False
Is 322727 composite?
False
Is 120624671 a composite number?
False
Is 1115987 composite?
False
Is 18917891 prime?
False
Is 526732643 composite?
False
Is 4104959 composite?
True
Is 37838767 prime?
False
Is 596863621 prime?
True
Is 16270867 prime?
False
Is 79315909 composite?
False
Is 29954885 prime?
False
Is 58530989 prime?
False
Is 3969923 a prime number?
True
Is 8101223 a prime number?
False
Is 7112503 prime?
True
Is 2030845 a prime number?
False
Is 83507687 composite?
True
Is 273857 a composite number?
False
Is 26050243 composite?
False
Is 25471937 a composite number?
True
Is 2237267 prime?
True
Is 7627141 prime?
True
Is 79915379 a prime number?
True
Is 5119501 a composite number?
True
Is 40899167 prime?
True
Is 5210867 prime?
True
Is 1571113 a prime number?
True
Is 1888681 prime?
False
Is 14097929 a composite number?
False
Is 748384463 composite?
False
Is 25053073 composite?
False
Is 5878567 prime?
False
Is 2025049 prime?
False
Is 664165019 a composite number?
True
Is 1931581 a prime number?
False
Is 3211469 composite?
False
Is 70115543 a composite number?
False
Is 33879661 a composite number?
False
Is 708809 prime?
False
Is 150991471 composite?
True
Is 3608807 composite?
False
Is 5593043 composite?
False
Is 1153301 prime?
False
Is 2753057 a composite number?
True
Is 90367147 prime?
False
Is 25023527 a composite number?
False
Is 7862011 a composite number?
False
Is 61063901 a prime number?
True
Is 31112693 composite?
True
Is 12543887 prime?
True
Is 386822721 prime?
False
Is 98256917 a composite number?
True
Is 14081483 composite?
True
Is 245965 composite?
True
Is 360831 a composite number?
True
Is 6285619 a prime number?
False
Is 3934159 prime?
False
Is 23343937 a prime number?
True
Is 3607459 composite?
False
Is 1293683 a composite number?
True
Is 45541 prime?
True
Is 7316359 composite?
False
Is 2911721 prime?
True
Is 170282633 composite?
False
Is 11927 a prime number?
True
Is 23851073 a composite number?
False
Is 1723439 a prime number?
False
Is 9001711 a prime number?
False
Is 11292983 a composite number?
True
Is 5579153 prime?
True
Is 20199 a prime number?
False
Is 6845767 composite?
False
Is 483839 a prime number?
True
Is 1091197 a prime number?
False
Is 59391274 a composite number?
True
Is 8388797 a composite number?
True
Is 10872131 a prime number?
True
Is 22510721 prime?
False
Is 47249549 prime?
False
Is 254499989 prime?
True
Is 49374033 prime?
False
Is 1835909 composite?
False
Is 186881 composite?
True
Is 3195493 prime?
False
Is 17452885 a prime number?
False
Is 5339441 a composite number?
True
Is 38048001 a composite number?
True
Is 13635091 a composite number?
True
Is 479002537 composite?
True
Is 5307947 a prime number?
True
Is 1797617 a composite number?
False
Is 1638149 a prime number?
True
Is 993051751 prime?
True
Is 49521281 a prime number?
False
Is 5541821 a composite number?
True
Is 30774347 composite?
True
Is 3678407 prime?
True
Is 41322197 a prime number?
False
Is 5460509 composite?
True
Is 12886711 composite?
False
Is 260518879 prime?
False
Is 479870041 a prime number?
False
Is 9767071 a prime number?
True
Is 1775129 a prime number?
False
Is 58551083 a prime number?
True
Is 406789 a composite number?
False
Is 2376407 prime?
False
Is 3782773 a prime number?
True
Is 39821027 a prime number?
False
Is 5516659 a composite number?
False
Is 6364117 composite?
False
Is 153634853 prime?
False
Is 3347317 composite?
True
Is 31043569 a composite number?
True
Is 26084771 a composite number?
False
Is 6365263 prime?
True
Is 27747017 prime?
True
Is 8528671 prime?
True
Is 22636013 prime?
True
Is 1565452019 prime?
True
Is 107299 composite?
True
Is 618624341 a prime number?
False
Is 70846183 composite?
True
Is 40491991 prime?
True
Is 134497241 a prime number?
True
Is 124320089 a composite number?
False
Is 1024183 a composite number?
False
Is 328048999 a composite number?
False
Is 71849719 composite?
False
Is 269947735 composite?
True
Is 198620657 prime?
True
Is 8823233 a prime number?
True
Is 272043107 a prime number?
False
Is 4372045 a prime number?
False
Is 20470949 a composite number?
True
Is 49285727 composite?
True
Is 110935309 a prime number?
True
Is 27337931 composite?
True
Is 7430981 a composite number?
False
Is 51326159 composite?
True
Is 63803609 a composite number?
False
Is 8177417 a composite number?
True
Is 48392969 prime?
False
Is 18181589 a composite number?
True
Is 1411177 a composite number?
True
Is 2039083 a composite number?
False
Is 38637803 a prime number?
True
Is 751697 a composite number?
True
Is 12340091 a composite number?
False
Is 266785081 a composite number?
False
Is 7493099 composite?
False
Is 2632495 prime?
False
Is 843901 a composite number?
False
Is 5876347 a composite number?
True
Is 4907939 composite?
True
Is 229770637 prime?
True
Is 1927291 prime?
False
Is 22484219 a prime number?
False
Is 3060773 a prime number?
False
Is 4668199 a composite number?
False
Is 1848439 composite?
False
Is 40210741 composite?
False
Is 5000833 a prime number?
False
Is 1097351 a prime number?
True
Is 972533 composite?
False
Is 47835863 a composite number?
True
Is 3942307 composite?
False
Is 8188783 a prime number?
False
Is 2254493 prime?
True
Is 198474389 a composite number?
False
Is 1438033 prime?
True
Is 33546901 a composite number?
True
Is 2408023 prime?
False
Is 8232353 prime?
False
Is 2295451 prime?
True
Is 31161467 a composite number?
False
Is 104748901 a prime number?
True
Is 5616013 prime?
False
Is 42871403 a prime number?
True
Is 5575309 a prime number?
True
Is 54615427 prime?
True
Is 64904683 a prime number?
True
Is 862861 a composite number?
False
Is 340787 prime?
True
Is 6502729 a prime number?
False
Is 22018559 a prime number?
False
Is 216539303 prime?
True
Is 236809 a composite number?
True
Is 703459 a composite number?
False
Is 42056435 a prime number?
False
Is 33239963 composite?
True
Is 320659891 a prime number?
False
Is 896417 prime?
True
Is 10909581 a prime number?
False
Is 6295687 composite?
False
Is 10406267 composite?
False
Is 532055 composite?
True
Is 1419059 a composite number?
False
Is 19105937 a prime number?
True
Is 4255351 a composite number?
False
Is 102583723 composite?
True
Is 40764259 a composite number?
False
Is 89473273 a prime number?
False
Is 6876839 prime?
False
Is 3684587 composite?
False
Is 25589254 a prime number?
False
Is 15711217 a composite number?
False
Is 2215360705 a prime number?
False
Is 798023 composite?
False
Is 337751 composite?
False
Is 2554397 a composite number?
False
Is 16441051 a composite number?
True
Is 4495459 a composite number?
True
Is 41003818 a prime number?
False
Is 5250559 composite?
True
Is 251476369 a composite number?
True
Is 6798733 a prime number?
False
Is 2144759 a prime number?
True
Is 2156023 prime?
True
Is 27970483 a composite number?
True
Is 2921143 prime?
False
Is 1910157319 prime?
False
Is 1253359 composite?
True
Is 176631929 prime?
False
Is 803009 prime?
False
Is 3079231 prime?
False
Is 15951529 a composite number?
True
Is 878506 a composite number?
True
Is 146506357 a prime number?
False
Is 25742959 prime?
False
Is 95283739 a composite number?
True
Is 197891753 prime?
False
Is 19682887 a prime number?
False
Is 52152589 a composite number?
False
Is 38868469 a prime number?
False
Is 172890539 c